{"id":1772,"date":"2022-01-06T17:56:28","date_gmt":"2022-01-06T16:56:28","guid":{"rendered":"http:\/\/www.unamccluskey.com\/?page_id=1772"},"modified":"2022-02-04T18:04:27","modified_gmt":"2022-02-04T17:04:27","slug":"an-interview-with-una","status":"publish","type":"page","link":"https:\/\/www.unamccluskey.com\/?page_id=1772","title":{"rendered":"An Interview with Una &#8211; Part I and Part II"},"content":{"rendered":"<p>The following video is Part I of an interview conducted by Vladim\u00edr Hamb\u00e1lek and Ivan Valkovi\u010d from Coachingplus in Bratislava,\u00a0 and translated by\u00a0<!--StartFragment --><span class=\"cf0\">Darina Alexyov\u00e1<\/span><!--EndFragment -->.\u00a0 It\u00a0 took place on 17th December 2021 and\u00a0offers an introduction into Una&#8217;s professional background.<\/p>\n<p><iframe loading=\"lazy\" title=\"Rozhovor s Unou McCluskey 1. \u010das\u0165\" width=\"640\" height=\"360\" src=\"https:\/\/www.youtube.com\/embed\/v1_RxKy79Vw?feature=oembed\" frameborder=\"0\" allow=\"accelerometer; autoplay; clipboard-write; encrypted-media; gyroscope; picture-in-picture; web-share\" allowfullscreen><\/iframe><\/p>\n<p>The following video is Part II of an interview conducted by Vladim\u00edr Hamb\u00e1lek and Ivan Valkovi\u010d from Coachingplus in Bratislava,\u00a0 and translated by\u00a0<!--StartFragment --><span class=\"cf0\">Darina Alexyov\u00e1<\/span><!--EndFragment -->.\u00a0 It\u00a0 took place on 28th January 2022 and offers an insight into the McCluskey Model.<\/p>\n<p><iframe loading=\"lazy\" title=\"Rozhovor s Unou McCluskey 2. \u010das\u0165\" width=\"640\" height=\"360\" src=\"https:\/\/www.youtube.com\/embed\/ALlRqYEId0M?feature=oembed\" frameborder=\"0\" allow=\"accelerometer; autoplay; clipboard-write; encrypted-media; gyroscope; picture-in-picture; web-share\" allowfullscreen><\/iframe><\/p>\n","protected":false},"excerpt":{"rendered":"<p>The following video is Part I of an interview conducted by Vladim\u00edr Hamb\u00e1lek and Ivan Valkovi\u010d from Coachingplus in Bratislava,\u00a0 and translated by\u00a0Darina Alexyov\u00e1.\u00a0 It\u00a0 took place on 17th December 2021 and\u00a0offers an introduction into Una&#8217;s professional background. The following &hellip; <a href=\"https:\/\/www.unamccluskey.com\/?page_id=1772\">Continue reading <span class=\"meta-nav\">&rarr;<\/span><\/a><\/p>\n","protected":false},"author":2,"featured_media":0,"parent":0,"menu_order":0,"comment_status":"closed","ping_status":"closed","template":"","meta":[],"_links":{"self":[{"href":"https:\/\/www.unamccluskey.com\/index.php?rest_route=\/wp\/v2\/pages\/1772"}],"collection":[{"href":"https:\/\/www.unamccluskey.com\/index.php?rest_route=\/wp\/v2\/pages"}],"about":[{"href":"https:\/\/www.unamccluskey.com\/index.php?rest_route=\/wp\/v2\/types\/page"}],"author":[{"embeddable":true,"href":"https:\/\/www.unamccluskey.com\/index.php?rest_route=\/wp\/v2\/users\/2"}],"replies":[{"embeddable":true,"href":"https:\/\/www.unamccluskey.com\/index.php?rest_route=%2Fwp%2Fv2%2Fcomments&post=1772"}],"version-history":[{"count":5,"href":"https:\/\/www.unamccluskey.com\/index.php?rest_route=\/wp\/v2\/pages\/1772\/revisions"}],"predecessor-version":[{"id":1785,"href":"https:\/\/www.unamccluskey.com\/index.php?rest_route=\/wp\/v2\/pages\/1772\/revisions\/1785"}],"wp:attachment":[{"href":"https:\/\/www.unamccluskey.com\/index.php?rest_route=%2Fwp%2Fv2%2Fmedia&parent=1772"}],"curies":[{"name":"wp","href":"https:\/\/api.w.org\/{rel}","templated":true}]}}